{"id":750,"date":"2025-08-21T13:17:43","date_gmt":"2025-08-21T13:17:43","guid":{"rendered":"https:\/\/mehmetozgurersan.com\/?page_id=750"},"modified":"2025-08-27T08:18:15","modified_gmt":"2025-08-27T08:18:15","slug":"silverstorm","status":"publish","type":"page","link":"https:\/\/mehmetozgurersan.com\/","title":{"rendered":"Front Page"},"content":{"rendered":"\n<div class=\"wp-block-group alignfull\"><div class=\"wp-block-group__inner-container is-layout-flow wp-block-group-is-layout-flow\">\n<div class=\"wp-block-group alignfull\" style=\"padding-top:var(--wp--preset--spacing--50);padding-bottom:var(--wp--preset--spacing--50)\"><div class=\"wp-block-group__inner-container is-layout-constrained wp-block-group-is-layout-constrained\">\n<div class=\"wp-block-columns alignwide is-layout-flex wp-container-core-columns-is-layout-1c389471 wp-block-columns-is-layout-flex\" style=\"padding-top:var(--wp--preset--spacing--80);padding-bottom:var(--wp--preset--spacing--50)\">\n<div class=\"wp-block-column is-layout-flow wp-block-column-is-layout-flow\" style=\"flex-basis:100%\">\n<h2 class=\"wp-block-heading alignwide has-x-large-font-size\">My name is Anna M\u00f6ller and these are some of my photo projects.<\/h2>\n<\/div>\n<\/div>\n<\/div><\/div>\n<\/div><\/div>\n\n\n\n<div class=\"wp-block-group alignfull\" style=\"margin-top:0;margin-bottom:0\"><div class=\"wp-block-group__inner-container is-layout-constrained wp-block-group-is-layout-constrained\">\n<div class=\"wp-block-columns alignwide is-layout-flex wp-container-core-columns-is-layout-532711d8 wp-block-columns-is-layout-flex\">\n<div class=\"wp-block-column is-layout-flow wp-block-column-is-layout-flow\" style=\"flex-basis:66.66%\">\n<div class=\"wp-block-query is-layout-flow wp-block-query-is-layout-flow\"><ul class=\"wp-block-post-template is-layout-flow wp-block-post-template-is-layout-flow\"><li class=\"wp-block-post post-1030 post type-post status-publish format-standard has-post-thumbnail hentry category-makale\">\n\n<div class=\"wp-block-group\"><div class=\"wp-block-group__inner-container is-layout-flow wp-block-group-is-layout-flow\"><figure style=\"aspect-ratio:3\/2;\" class=\"wp-block-post-featured-image\"><a href=\"https:\/\/mehmetozgurersan.com\/?p=1030\" target=\"_self\"  ><img loading=\"lazy\" decoding=\"async\" width=\"526\" height=\"526\" src=\"https:\/\/mehmetozgurersan.com\/wp-content\/uploads\/2026\/01\/indir-1.png\" class=\"attachment-post-thumbnail size-post-thumbnail wp-post-image\" alt=\"ALEV\u0130 BEKTA\u015e\u0130 DERGAHLARI, TEKKE ve ZAV\u0130YELER&#8230;\" style=\"width:100%;height:100%;object-fit:cover;\" srcset=\"https:\/\/mehmetozgurersan.com\/wp-content\/uploads\/2026\/01\/indir-1.png 526w, https:\/\/mehmetozgurersan.com\/wp-content\/uploads\/2026\/01\/indir-1-300x300.png 300w, https:\/\/mehmetozgurersan.com\/wp-content\/uploads\/2026\/01\/indir-1-150x150.png 150w\" sizes=\"auto, (max-width: 526px) 100vw, 526px\" \/><\/a><\/figure>\n\n<h2 class=\"wp-block-post-title\"><a href=\"https:\/\/mehmetozgurersan.com\/?p=1030\" target=\"_self\" >ALEV\u0130 BEKTA\u015e\u0130 DERGAHLARI, TEKKE ve ZAV\u0130YELER&#8230;<\/a><\/h2>\n\n<div style=\"font-style:normal;font-weight:300\" class=\"taxonomy-category has-link-color wp-elements-7e25d0198db94e2785ffafdb5bb852e8 wp-block-post-terms\"><a href=\"https:\/\/mehmetozgurersan.com\/?cat=4\" rel=\"tag\">MAKALE<\/a><\/div><\/div><\/div>\n\n<\/li><\/ul>\n\n<\/div>\n<\/div>\n\n\n\n<div class=\"wp-block-column is-layout-flow wp-block-column-is-layout-flow\" style=\"flex-basis:33.33%\">\n<div class=\"wp-block-query is-layout-flow wp-block-query-is-layout-flow\"><ul class=\"wp-block-post-template is-layout-flow wp-block-post-template-is-layout-flow\"><li class=\"wp-block-post post-1023 post type-post status-publish format-standard has-post-thumbnail hentry category-nefes\">\n\n<div class=\"wp-block-group\"><div class=\"wp-block-group__inner-container is-layout-flow wp-block-group-is-layout-flow\"><figure style=\"aspect-ratio:3\/2;\" class=\"wp-block-post-featured-image\"><a href=\"https:\/\/mehmetozgurersan.com\/?p=1023\" target=\"_self\"  ><img loading=\"lazy\" decoding=\"async\" width=\"1024\" height=\"1536\" src=\"https:\/\/mehmetozgurersan.com\/wp-content\/uploads\/2025\/12\/ChatGPT-Image-19-Ara-2025-10_52_03.png\" class=\"attachment-post-thumbnail size-post-thumbnail wp-post-image\" alt=\"\u201cBir Kandilden Bir Kandile (Semah Nefesi)\u201d- (Yesar\u00ee Abdal)\" style=\"width:100%;height:100%;object-fit:cover;\" srcset=\"https:\/\/mehmetozgurersan.com\/wp-content\/uploads\/2025\/12\/ChatGPT-Image-19-Ara-2025-10_52_03.png 1024w, https:\/\/mehmetozgurersan.com\/wp-content\/uploads\/2025\/12\/ChatGPT-Image-19-Ara-2025-10_52_03-200x300.png 200w, https:\/\/mehmetozgurersan.com\/wp-content\/uploads\/2025\/12\/ChatGPT-Image-19-Ara-2025-10_52_03-683x1024.png 683w, https:\/\/mehmetozgurersan.com\/wp-content\/uploads\/2025\/12\/ChatGPT-Image-19-Ara-2025-10_52_03-768x1152.png 768w\" sizes=\"auto, (max-width: 1024px) 100vw, 1024px\" \/><\/a><\/figure>\n\n<h2 class=\"wp-block-post-title\"><a href=\"https:\/\/mehmetozgurersan.com\/?p=1023\" target=\"_self\" >\u201cBir Kandilden Bir Kandile (Semah Nefesi)\u201d- (Yesar\u00ee Abdal)<\/a><\/h2>\n\n<div style=\"font-style:normal;font-weight:300\" class=\"taxonomy-category has-link-color wp-elements-7e25d0198db94e2785ffafdb5bb852e8 wp-block-post-terms\"><a href=\"https:\/\/mehmetozgurersan.com\/?cat=6\" rel=\"tag\">NEFES<\/a><\/div><\/div><\/div>\n\n<\/li><\/ul>\n\n<\/div>\n<\/div>\n<\/div>\n\n\n\n<div style=\"height:var(--wp--preset--spacing--30)\" aria-hidden=\"true\" class=\"wp-block-spacer\"><\/div>\n<\/div><\/div>\n\n\n\n<div class=\"wp-block-group alignfull\" style=\"margin-top:0;margin-bottom:0\"><div class=\"wp-block-group__inner-container is-layout-constrained wp-block-group-is-layout-constrained\">\n<div style=\"height:var(--wp--preset--spacing--30)\" aria-hidden=\"true\" class=\"wp-block-spacer\"><\/div>\n\n\n\n<div class=\"wp-block-query alignwide is-layout-flow wp-block-query-is-layout-flow\"><ul class=\"columns-3 wp-block-post-template is-layout-grid wp-container-core-post-template-is-layout-271a55be wp-block-post-template-is-layout-grid\"><li class=\"wp-block-post post-1020 post type-post status-publish format-standard has-post-thumbnail hentry category-makale\">\n\n<div class=\"wp-block-group\"><div class=\"wp-block-group__inner-container is-layout-flow wp-block-group-is-layout-flow\"><figure style=\"aspect-ratio:3\/2;\" class=\"wp-block-post-featured-image\"><a href=\"https:\/\/mehmetozgurersan.com\/?p=1020\" target=\"_self\"  ><img loading=\"lazy\" decoding=\"async\" width=\"1024\" height=\"1536\" src=\"https:\/\/mehmetozgurersan.com\/wp-content\/uploads\/2025\/12\/ChatGPT-Image-15-Ara-2025-13_47_38.png\" class=\"attachment-post-thumbnail size-post-thumbnail wp-post-image\" alt=\"N\u00e2d\u0131 Ali Duas\u0131 ve Hikmetleri &#8211; Mehmet \u00d6zg\u00fcr Ersan (Yesari Abdal)\" style=\"width:100%;height:100%;object-fit:cover;\" srcset=\"https:\/\/mehmetozgurersan.com\/wp-content\/uploads\/2025\/12\/ChatGPT-Image-15-Ara-2025-13_47_38.png 1024w, https:\/\/mehmetozgurersan.com\/wp-content\/uploads\/2025\/12\/ChatGPT-Image-15-Ara-2025-13_47_38-200x300.png 200w, https:\/\/mehmetozgurersan.com\/wp-content\/uploads\/2025\/12\/ChatGPT-Image-15-Ara-2025-13_47_38-683x1024.png 683w, https:\/\/mehmetozgurersan.com\/wp-content\/uploads\/2025\/12\/ChatGPT-Image-15-Ara-2025-13_47_38-768x1152.png 768w\" sizes=\"auto, (max-width: 1024px) 100vw, 1024px\" \/><\/a><\/figure>\n\n<h2 class=\"wp-block-post-title\"><a href=\"https:\/\/mehmetozgurersan.com\/?p=1020\" target=\"_self\" >N\u00e2d\u0131 Ali Duas\u0131 ve Hikmetleri &#8211; Mehmet \u00d6zg\u00fcr Ersan (Yesari Abdal)<\/a><\/h2>\n\n<div style=\"font-style:normal;font-weight:300\" class=\"taxonomy-category has-link-color wp-elements-7e25d0198db94e2785ffafdb5bb852e8 wp-block-post-terms\"><a href=\"https:\/\/mehmetozgurersan.com\/?cat=4\" rel=\"tag\">MAKALE<\/a><\/div><\/div><\/div>\n\n<\/li><li class=\"wp-block-post post-1017 post type-post status-publish format-standard has-post-thumbnail hentry category-nefes\">\n\n<div class=\"wp-block-group\"><div class=\"wp-block-group__inner-container is-layout-flow wp-block-group-is-layout-flow\"><figure style=\"aspect-ratio:3\/2;\" class=\"wp-block-post-featured-image\"><a href=\"https:\/\/mehmetozgurersan.com\/?p=1017\" target=\"_self\"  ><img loading=\"lazy\" decoding=\"async\" width=\"1024\" height=\"1536\" src=\"https:\/\/mehmetozgurersan.com\/wp-content\/uploads\/2025\/12\/ChatGPT-Image-15-Ara-2025-14_11_18.png\" class=\"attachment-post-thumbnail size-post-thumbnail wp-post-image\" alt=\"VEL\u00c2YET TARTISI &#8211; MEHMET \u00d6ZG\u00dcR ERSAN\" style=\"width:100%;height:100%;object-fit:cover;\" srcset=\"https:\/\/mehmetozgurersan.com\/wp-content\/uploads\/2025\/12\/ChatGPT-Image-15-Ara-2025-14_11_18.png 1024w, https:\/\/mehmetozgurersan.com\/wp-content\/uploads\/2025\/12\/ChatGPT-Image-15-Ara-2025-14_11_18-200x300.png 200w, https:\/\/mehmetozgurersan.com\/wp-content\/uploads\/2025\/12\/ChatGPT-Image-15-Ara-2025-14_11_18-683x1024.png 683w, https:\/\/mehmetozgurersan.com\/wp-content\/uploads\/2025\/12\/ChatGPT-Image-15-Ara-2025-14_11_18-768x1152.png 768w\" sizes=\"auto, (max-width: 1024px) 100vw, 1024px\" \/><\/a><\/figure>\n\n<h2 class=\"wp-block-post-title\"><a href=\"https:\/\/mehmetozgurersan.com\/?p=1017\" target=\"_self\" >VEL\u00c2YET TARTISI &#8211; MEHMET \u00d6ZG\u00dcR ERSAN<\/a><\/h2>\n\n<div style=\"font-style:normal;font-weight:300\" class=\"taxonomy-category has-link-color wp-elements-7e25d0198db94e2785ffafdb5bb852e8 wp-block-post-terms\"><a href=\"https:\/\/mehmetozgurersan.com\/?cat=6\" rel=\"tag\">NEFES<\/a><\/div><\/div><\/div>\n\n<\/li><li class=\"wp-block-post post-1013 post type-post status-publish format-standard has-post-thumbnail hentry category-makale\">\n\n<div class=\"wp-block-group\"><div class=\"wp-block-group__inner-container is-layout-flow wp-block-group-is-layout-flow\"><figure style=\"aspect-ratio:3\/2;\" class=\"wp-block-post-featured-image\"><a href=\"https:\/\/mehmetozgurersan.com\/?p=1013\" target=\"_self\"  ><img loading=\"lazy\" decoding=\"async\" width=\"1024\" height=\"1536\" src=\"https:\/\/mehmetozgurersan.com\/wp-content\/uploads\/2025\/12\/ChatGPT-Image-5-Ara-2025-15_49_13.png\" class=\"attachment-post-thumbnail size-post-thumbnail wp-post-image\" alt=\"Alev\u00ee-Bekt\u00e2\u015f\u00ee D\u00fc\u015f\u00fcncesinde Yarat\u0131l\u0131\u015f, N\u00fbr-\u0131 Muhammed\u00ee ve Ali &#8211; Abdal Yesari\" style=\"width:100%;height:100%;object-fit:cover;\" srcset=\"https:\/\/mehmetozgurersan.com\/wp-content\/uploads\/2025\/12\/ChatGPT-Image-5-Ara-2025-15_49_13.png 1024w, https:\/\/mehmetozgurersan.com\/wp-content\/uploads\/2025\/12\/ChatGPT-Image-5-Ara-2025-15_49_13-200x300.png 200w, https:\/\/mehmetozgurersan.com\/wp-content\/uploads\/2025\/12\/ChatGPT-Image-5-Ara-2025-15_49_13-683x1024.png 683w, https:\/\/mehmetozgurersan.com\/wp-content\/uploads\/2025\/12\/ChatGPT-Image-5-Ara-2025-15_49_13-768x1152.png 768w\" sizes=\"auto, (max-width: 1024px) 100vw, 1024px\" \/><\/a><\/figure>\n\n<h2 class=\"wp-block-post-title\"><a href=\"https:\/\/mehmetozgurersan.com\/?p=1013\" target=\"_self\" >Alev\u00ee-Bekt\u00e2\u015f\u00ee D\u00fc\u015f\u00fcncesinde Yarat\u0131l\u0131\u015f, N\u00fbr-\u0131 Muhammed\u00ee ve Ali &#8211; Abdal Yesari<\/a><\/h2>\n\n<div style=\"font-style:normal;font-weight:300\" class=\"taxonomy-category has-link-color wp-elements-7e25d0198db94e2785ffafdb5bb852e8 wp-block-post-terms\"><a href=\"https:\/\/mehmetozgurersan.com\/?cat=4\" rel=\"tag\">MAKALE<\/a><\/div><\/div><\/div>\n\n<\/li><\/ul>\n\n<\/div>\n\n\n\n<div style=\"height:var(--wp--preset--spacing--30)\" aria-hidden=\"true\" class=\"wp-block-spacer\"><\/div>\n<\/div><\/div>\n\n\n\n<div class=\"wp-block-group alignfull\" style=\"margin-top:0;margin-bottom:0\"><div class=\"wp-block-group__inner-container is-layout-constrained wp-block-group-is-layout-constrained\">\n<div style=\"height:var(--wp--preset--spacing--30)\" aria-hidden=\"true\" class=\"wp-block-spacer\"><\/div>\n\n\n\n<div class=\"wp-block-columns alignwide is-layout-flex wp-container-core-columns-is-layout-532711d8 wp-block-columns-is-layout-flex\">\n<div class=\"wp-block-column is-layout-flow wp-block-column-is-layout-flow\" style=\"flex-basis:33.33%\">\n<div class=\"wp-block-query is-layout-flow wp-block-query-is-layout-flow\"><ul class=\"wp-block-post-template is-layout-flow wp-block-post-template-is-layout-flow\"><li class=\"wp-block-post post-1010 post type-post status-publish format-standard has-post-thumbnail hentry category-nefes\">\n\n<div class=\"wp-block-group\"><div class=\"wp-block-group__inner-container is-layout-flow wp-block-group-is-layout-flow\"><figure style=\"aspect-ratio:3\/2;\" class=\"wp-block-post-featured-image\"><a href=\"https:\/\/mehmetozgurersan.com\/?p=1010\" target=\"_self\"  ><img loading=\"lazy\" decoding=\"async\" width=\"1024\" height=\"1536\" src=\"https:\/\/mehmetozgurersan.com\/wp-content\/uploads\/2025\/12\/ChatGPT-Image-5-Ara-2025-14_20_08.png\" class=\"attachment-post-thumbnail size-post-thumbnail wp-post-image\" alt=\"G\u00d6\u00c7T\u00dc KERVAN &#8211; ABDAL YESAR\u0130\" style=\"width:100%;height:100%;object-fit:cover;\" srcset=\"https:\/\/mehmetozgurersan.com\/wp-content\/uploads\/2025\/12\/ChatGPT-Image-5-Ara-2025-14_20_08.png 1024w, https:\/\/mehmetozgurersan.com\/wp-content\/uploads\/2025\/12\/ChatGPT-Image-5-Ara-2025-14_20_08-200x300.png 200w, https:\/\/mehmetozgurersan.com\/wp-content\/uploads\/2025\/12\/ChatGPT-Image-5-Ara-2025-14_20_08-683x1024.png 683w, https:\/\/mehmetozgurersan.com\/wp-content\/uploads\/2025\/12\/ChatGPT-Image-5-Ara-2025-14_20_08-768x1152.png 768w\" sizes=\"auto, (max-width: 1024px) 100vw, 1024px\" \/><\/a><\/figure>\n\n<h2 class=\"wp-block-post-title\"><a href=\"https:\/\/mehmetozgurersan.com\/?p=1010\" target=\"_self\" >G\u00d6\u00c7T\u00dc KERVAN &#8211; ABDAL YESAR\u0130<\/a><\/h2>\n\n<div style=\"font-style:normal;font-weight:300\" class=\"taxonomy-category has-link-color wp-elements-7e25d0198db94e2785ffafdb5bb852e8 wp-block-post-terms\"><a href=\"https:\/\/mehmetozgurersan.com\/?cat=6\" rel=\"tag\">NEFES<\/a><\/div><\/div><\/div>\n\n<\/li><\/ul>\n\n<\/div>\n<\/div>\n\n\n\n<div class=\"wp-block-column is-layout-flow wp-block-column-is-layout-flow\" style=\"flex-basis:66.66%\">\n<div class=\"wp-block-query is-layout-flow wp-block-query-is-layout-flow\"><ul class=\"wp-block-post-template is-layout-flow wp-block-post-template-is-layout-flow\"><li class=\"wp-block-post post-1007 post type-post status-publish format-standard has-post-thumbnail hentry category-nefes\">\n\n<div class=\"wp-block-group\"><div class=\"wp-block-group__inner-container is-layout-flow wp-block-group-is-layout-flow\"><figure style=\"aspect-ratio:3\/2;\" class=\"wp-block-post-featured-image\"><a href=\"https:\/\/mehmetozgurersan.com\/?p=1007\" target=\"_self\"  ><img loading=\"lazy\" decoding=\"async\" width=\"1024\" height=\"1536\" src=\"https:\/\/mehmetozgurersan.com\/wp-content\/uploads\/2025\/12\/ChatGPT-Image-5-Ara-2025-12_16_52.png\" class=\"attachment-post-thumbnail size-post-thumbnail wp-post-image\" alt=\"YE\u015e\u0130L \u00c2LEM \u0130LE GEL\u0130R MUHAMMED &#8211; ABDAL YESAR\u0130\" style=\"width:100%;height:100%;object-fit:cover;\" srcset=\"https:\/\/mehmetozgurersan.com\/wp-content\/uploads\/2025\/12\/ChatGPT-Image-5-Ara-2025-12_16_52.png 1024w, https:\/\/mehmetozgurersan.com\/wp-content\/uploads\/2025\/12\/ChatGPT-Image-5-Ara-2025-12_16_52-200x300.png 200w, https:\/\/mehmetozgurersan.com\/wp-content\/uploads\/2025\/12\/ChatGPT-Image-5-Ara-2025-12_16_52-683x1024.png 683w, https:\/\/mehmetozgurersan.com\/wp-content\/uploads\/2025\/12\/ChatGPT-Image-5-Ara-2025-12_16_52-768x1152.png 768w\" sizes=\"auto, (max-width: 1024px) 100vw, 1024px\" \/><\/a><\/figure>\n\n<h2 class=\"wp-block-post-title\"><a href=\"https:\/\/mehmetozgurersan.com\/?p=1007\" target=\"_self\" >YE\u015e\u0130L \u00c2LEM \u0130LE GEL\u0130R MUHAMMED &#8211; ABDAL YESAR\u0130<\/a><\/h2>\n\n<div style=\"font-style:normal;font-weight:300\" class=\"taxonomy-category has-link-color wp-elements-7e25d0198db94e2785ffafdb5bb852e8 wp-block-post-terms\"><a href=\"https:\/\/mehmetozgurersan.com\/?cat=6\" rel=\"tag\">NEFES<\/a><\/div><\/div><\/div>\n\n<\/li><\/ul>\n\n<\/div>\n<\/div>\n<\/div>\n\n\n\n<div style=\"height:var(--wp--preset--spacing--70)\" aria-hidden=\"true\" class=\"wp-block-spacer\"><\/div>\n\n\n\n<div class=\"wp-block-query alignwide is-layout-flow wp-block-query-is-layout-flow\"><ul class=\"columns-3 wp-block-post-template is-layout-grid wp-container-core-post-template-is-layout-271a55be wp-block-post-template-is-layout-grid\"><li class=\"wp-block-post post-1004 post type-post status-publish format-standard has-post-thumbnail hentry category-nefes\">\n\n<div class=\"wp-block-group\"><div class=\"wp-block-group__inner-container is-layout-flow wp-block-group-is-layout-flow\"><figure style=\"aspect-ratio:3\/2;\" class=\"wp-block-post-featured-image\"><a href=\"https:\/\/mehmetozgurersan.com\/?p=1004\" target=\"_self\"  ><img loading=\"lazy\" decoding=\"async\" width=\"1024\" height=\"1536\" src=\"https:\/\/mehmetozgurersan.com\/wp-content\/uploads\/2025\/12\/ChatGPT-Image-5-Ara-2025-11_49_19.png\" class=\"attachment-post-thumbnail size-post-thumbnail wp-post-image\" alt=\"C\u00e2n \u0130\u00e7inde C\u00e2n &#8211; Yes\u00e2r\u00ee Abdal\" style=\"width:100%;height:100%;object-fit:cover;\" srcset=\"https:\/\/mehmetozgurersan.com\/wp-content\/uploads\/2025\/12\/ChatGPT-Image-5-Ara-2025-11_49_19.png 1024w, https:\/\/mehmetozgurersan.com\/wp-content\/uploads\/2025\/12\/ChatGPT-Image-5-Ara-2025-11_49_19-200x300.png 200w, https:\/\/mehmetozgurersan.com\/wp-content\/uploads\/2025\/12\/ChatGPT-Image-5-Ara-2025-11_49_19-683x1024.png 683w, https:\/\/mehmetozgurersan.com\/wp-content\/uploads\/2025\/12\/ChatGPT-Image-5-Ara-2025-11_49_19-768x1152.png 768w\" sizes=\"auto, (max-width: 1024px) 100vw, 1024px\" \/><\/a><\/figure>\n\n<h2 class=\"wp-block-post-title\"><a href=\"https:\/\/mehmetozgurersan.com\/?p=1004\" target=\"_self\" >C\u00e2n \u0130\u00e7inde C\u00e2n &#8211; Yes\u00e2r\u00ee Abdal<\/a><\/h2>\n\n<div style=\"font-style:normal;font-weight:300\" class=\"taxonomy-category has-link-color wp-elements-7e25d0198db94e2785ffafdb5bb852e8 wp-block-post-terms\"><a href=\"https:\/\/mehmetozgurersan.com\/?cat=6\" rel=\"tag\">NEFES<\/a><\/div><\/div><\/div>\n\n<\/li><li class=\"wp-block-post post-1001 post type-post status-publish format-standard has-post-thumbnail hentry category-nefes\">\n\n<div class=\"wp-block-group\"><div class=\"wp-block-group__inner-container is-layout-flow wp-block-group-is-layout-flow\"><figure style=\"aspect-ratio:3\/2;\" class=\"wp-block-post-featured-image\"><a href=\"https:\/\/mehmetozgurersan.com\/?p=1001\" target=\"_self\"  ><img loading=\"lazy\" decoding=\"async\" width=\"1024\" height=\"1536\" src=\"https:\/\/mehmetozgurersan.com\/wp-content\/uploads\/2025\/12\/ChatGPT-Image-5-Ara-2025-11_06_06.png\" class=\"attachment-post-thumbnail size-post-thumbnail wp-post-image\" alt=\"SENDE \u0130STE, SENDE BUL &#8211; ABDAL YESAR\u0130\" style=\"width:100%;height:100%;object-fit:cover;\" srcset=\"https:\/\/mehmetozgurersan.com\/wp-content\/uploads\/2025\/12\/ChatGPT-Image-5-Ara-2025-11_06_06.png 1024w, https:\/\/mehmetozgurersan.com\/wp-content\/uploads\/2025\/12\/ChatGPT-Image-5-Ara-2025-11_06_06-200x300.png 200w, https:\/\/mehmetozgurersan.com\/wp-content\/uploads\/2025\/12\/ChatGPT-Image-5-Ara-2025-11_06_06-683x1024.png 683w, https:\/\/mehmetozgurersan.com\/wp-content\/uploads\/2025\/12\/ChatGPT-Image-5-Ara-2025-11_06_06-768x1152.png 768w\" sizes=\"auto, (max-width: 1024px) 100vw, 1024px\" \/><\/a><\/figure>\n\n<h2 class=\"wp-block-post-title\"><a href=\"https:\/\/mehmetozgurersan.com\/?p=1001\" target=\"_self\" >SENDE \u0130STE, SENDE BUL &#8211; ABDAL YESAR\u0130<\/a><\/h2>\n\n<div style=\"font-style:normal;font-weight:300\" class=\"taxonomy-category has-link-color wp-elements-7e25d0198db94e2785ffafdb5bb852e8 wp-block-post-terms\"><a href=\"https:\/\/mehmetozgurersan.com\/?cat=6\" rel=\"tag\">NEFES<\/a><\/div><\/div><\/div>\n\n<\/li><li class=\"wp-block-post post-998 post type-post status-publish format-standard has-post-thumbnail hentry category-nefes\">\n\n<div class=\"wp-block-group\"><div class=\"wp-block-group__inner-container is-layout-flow wp-block-group-is-layout-flow\"><figure style=\"aspect-ratio:3\/2;\" class=\"wp-block-post-featured-image\"><a href=\"https:\/\/mehmetozgurersan.com\/?p=998\" target=\"_self\"  ><img loading=\"lazy\" decoding=\"async\" width=\"1024\" height=\"1536\" src=\"https:\/\/mehmetozgurersan.com\/wp-content\/uploads\/2025\/12\/FB_IMG_1764591254522.jpg\" class=\"attachment-post-thumbnail size-post-thumbnail wp-post-image\" alt=\"AL\u0130&#8217;N\u0130N NURU &#8211; MEHMET \u00d6ZG\u00dcR ERSAN\" style=\"width:100%;height:100%;object-fit:cover;\" srcset=\"https:\/\/mehmetozgurersan.com\/wp-content\/uploads\/2025\/12\/FB_IMG_1764591254522.jpg 1024w, https:\/\/mehmetozgurersan.com\/wp-content\/uploads\/2025\/12\/FB_IMG_1764591254522-200x300.jpg 200w, https:\/\/mehmetozgurersan.com\/wp-content\/uploads\/2025\/12\/FB_IMG_1764591254522-683x1024.jpg 683w, https:\/\/mehmetozgurersan.com\/wp-content\/uploads\/2025\/12\/FB_IMG_1764591254522-768x1152.jpg 768w\" sizes=\"auto, (max-width: 1024px) 100vw, 1024px\" \/><\/a><\/figure>\n\n<h2 class=\"wp-block-post-title\"><a href=\"https:\/\/mehmetozgurersan.com\/?p=998\" target=\"_self\" >AL\u0130&#8217;N\u0130N NURU &#8211; MEHMET \u00d6ZG\u00dcR ERSAN<\/a><\/h2>\n\n<div style=\"font-style:normal;font-weight:300\" class=\"taxonomy-category has-link-color wp-elements-7e25d0198db94e2785ffafdb5bb852e8 wp-block-post-terms\"><a href=\"https:\/\/mehmetozgurersan.com\/?cat=6\" rel=\"tag\">NEFES<\/a><\/div><\/div><\/div>\n\n<\/li><\/ul>\n\n<\/div>\n\n\n\n<hr class=\"wp-block-separator alignfull has-alpha-channel-opacity\"\/>\n\n\n\n<div style=\"height:var(--wp--preset--spacing--30)\" aria-hidden=\"true\" class=\"wp-block-spacer\"><\/div>\n<\/div><\/div>\n\n\n\n<div class=\"wp-block-group alignfull\" style=\"margin-top:0;margin-bottom:0\"><div class=\"wp-block-group__inner-container is-layout-constrained wp-block-group-is-layout-constrained\">\n<div class=\"wp-block-group alignwide\"><div class=\"wp-block-group__inner-container is-layout-constrained wp-block-group-is-layout-constrained\">\n<div class=\"wp-block-group alignwide\"><div class=\"wp-block-group__inner-container is-layout-flow wp-block-group-is-layout-flow\">\n<p class=\"has-small-font-size\">Twenty Twenty-Five<\/p>\n\n\n\n<p class=\"has-small-font-size\">email@example.com<br>+1 555 349 1806<\/p>\n<\/div><\/div>\n<\/div><\/div>\n<\/div><\/div>\n","protected":false},"excerpt":{"rendered":"<p>My name is Anna M\u00f6ller and these are some of my photo projects. Twenty Twenty-Five email@example.com+1 555 349 1806<\/p>\n","protected":false},"author":1,"featured_media":0,"parent":0,"menu_order":0,"comment_status":"closed","ping_status":"closed","template":"page-no-title","meta":{"footnotes":""},"class_list":["post-750","page","type-page","status-publish","hentry"],"_links":{"self":[{"href":"https:\/\/mehmetozgurersan.com\/index.php?rest_route=\/wp\/v2\/pages\/750","targetHints":{"allow":["GET"]}}],"collection":[{"href":"https:\/\/mehmetozgurersan.com\/index.php?rest_route=\/wp\/v2\/pages"}],"about":[{"href":"https:\/\/mehmetozgurersan.com\/index.php?rest_route=\/wp\/v2\/types\/page"}],"author":[{"embeddable":true,"href":"https:\/\/mehmetozgurersan.com\/index.php?rest_route=\/wp\/v2\/users\/1"}],"replies":[{"embeddable":true,"href":"https:\/\/mehmetozgurersan.com\/index.php?rest_route=%2Fwp%2Fv2%2Fcomments&post=750"}],"version-history":[{"count":2,"href":"https:\/\/mehmetozgurersan.com\/index.php?rest_route=\/wp\/v2\/pages\/750\/revisions"}],"predecessor-version":[{"id":887,"href":"https:\/\/mehmetozgurersan.com\/index.php?rest_route=\/wp\/v2\/pages\/750\/revisions\/887"}],"wp:attachment":[{"href":"https:\/\/mehmetozgurersan.com\/index.php?rest_route=%2Fwp%2Fv2%2Fmedia&parent=750"}],"curies":[{"name":"wp","href":"https:\/\/api.w.org\/{rel}","templated":true}]}}